he remainder when t is divided by 13?
10
Let j(p) = 3*p**2 + 5*p. Let h be j(8). Calculate the remainder when (12/8)/(6/h) is divided by 20.
18
Let z(d) = d**2 - 4*d + 5. Calculate the remainder when 7 is divided by z(3).
1
Let x(l) = l**2 - l - 1. Let v be x(-1). Let b(u) be the third derivative of u**6/6 + u**4/24 + u**2. What is the remainder when b(v) is divided by 8?
5
Let t(b) = -2*b + 1. Let f(q) = 2*q - 1. Let o(c) = 4*f(c) + 3*t(c). What is the remainder when 43 is divided by o(6)?
10
Let w(u) = u**3 + 8*u**2 + 3. Suppose -4*f - 24 = 2*b, 3*b = 2*f + 2*f + 44. Let k be w(f). Let h = 14 - k. Calculate the remainder when h is divided by 6.
5
Let h be (-1)/(-2) + 30/20. Suppose 0 + 3 = t. Calculate the remainder when h*5/(15/12) is divided by t.
2
Let k(j) = -j**3 + 6*j**2 + 6. Let x be k(6). Let w be 3*4/(4/3). Suppose -m = -x - w. What is the remainder when 29 is divided by m?
14
Let s = -25 - -38. Calculate the remainder when 62 is divided by s.
10
Let x = -11 - -16. Calculate the remainder when x is divided by 2.
1
Suppose 6 + 49 = 5*b. Suppose -2*k = 4*x - 54, 5*k = 3*x - 32 + b. Calculate the remainder when 46 is divided by x.
10
Suppose -4*o = -r - 215, -4*o + 8*r + 211 = 3*r. What is the remainder when o is divided by 14?
12
Suppose 5*u - u - 53 = -k, u - 2*k - 2 = 0. What is the remainder when -44*2/(-2) - -3 is divided by u?
11
Let t(w) = -2*w + 41. What is the remainder when 81 is divided by t(10)?
18
Suppose -4*l + 0*l = -28. Suppose -52 - 13 = -5*i. Calculate the remainder when i is divided by l.
6
Let o(t) = -t**2 - 5*t + 5. Let c = -2 + 4. Suppose 0 = 3*g + 2*m - 57, 2*g + c*m - 48 = 4*m. What is the remainder when g is divided by o(-3)?
10
Suppose -4*j + 109 = -79. What is the remainder when j is divided by 16?
15
Suppose 9 = d + 3*b + 2, 1 = d - 3*b. Let p(i) = i**2 - 3. Calculate the remainder when p(d) is divided by 5.
3
Let k(w) = -w + 3. Let g be k(0). Suppose -5*s - 3*u + 110 = -0*s, 0 = -s - g*u + 34. Let l(d) = d + 4. What is the remainder when s is divided by l(3)?
5
Let o = -20 + 24. What is the remainder when 10 is divided by o?
2
Suppose 32*s - 345 = 9*s. Let w(l) = 4*l + 1. Calculate the remainder when s is divided by w(2).
6
Suppose -3*w + 3*j + 141 + 87 = 0, w - 3*j = 86. Let q = -6 - -24. Calculate the remainder when w is divided by q.
17
Let l be 1 + -98 + 6 + -6. Let j = -67 - l. What is the remainder when j is divided by 16?
14
Let h(f) = 5*f**3 - f + 1. Let y be h(1). Suppose -y*q + 3*q = -42. Calculate the remainder when 39 is divided by q.
18
Let v = -11 + 16. Suppose -3*q + 2*q = -8. Calculate the remainder when q is divided by v.
3
Let x be -3*(12/(-9) + 2). Let a = 6 - x. Let v = -8 + 30. What is the remainder when v is divided by a?
6
Suppose -3*j + i = -16, -4*i = -j - 2*i + 12. What is the remainder when (-5)/((-45)/(-33))*-3 is divided by j?
3
Let u(d) = -d**2 + 18*d - 11. What is the remainder when u(9) is divided by 25?
20
Suppose -i = 5*b + 3*i - 68, -5*b + 2*i + 56 = 0. What is the remainder when b is divided by 5?
2
Calculate the remainder when 1 - (-272 + 2)/3 is divided by 24.
19
Let p(y) = y**3 + 14*y**2 + 24*y + 18. What is the remainder when 63 is divided by p(-12)?
9
Suppose 16*d - 20*d = -92. What is the remainder when 54 is divided by d?
8
Let l(g) be the second derivative of g**5/20 - 13*g**4/12 - g**3/6 + 19*g**2/2 + g. What is the remainder when 10 is divided by l(13)?
4
Suppose -10*l - 5 = -11*l. What is the remainder when 19 is divided by l?
4
Suppose 6*b - 2*b = 92. Calculate the remainder when b is divided by 8.
7
Let a = 0 + 7. Calculate the remainder when -2*((-855)/(-10))/(-9) is divided by a.
5
Let w(z) = -z - 4. Let i be w(-8). Let q be -2*(-4 + i + -2). Suppose -4*k + q*x = -16, -26 = -5*k + x + 14. What is the remainder when 35 is divided by k?
8
Let f = 12 + -5. Suppose -16 = -2*t + 3*b, -t - 3*b + 17 = -0*t. Suppose -t = -2*c + 13. Calculate the remainder when c is divided by f.
5
Let u = 8 - 2. Suppose -4 = -2*k + u. Calculate the remainder when (-474)/(-36) + 1/(-6) is divided by k.
3
Let x = 3 + 0. Suppose -a + 4 = a + x*i, 3*a = 2*i + 6. Suppose -v + 3 = 3*t, -v + 0 + 2 = 2*t. What is the remainder when a is divided by t?
0
What is the remainder when (-102)/(-8) + (-3)/(-12) is divided by 2/2*-2 - -7?
3
Let p = -100 - -110. What is the remainder when 18 is divided by p?
8
Suppose -2*j - 2*j = -12. Suppose 155 = 4*x + 5*g, 2*x + 2*g - 181 = -j*x. Suppose -4*a = -1 - x. What is the remainder when 16 is divided by a?
7
Suppose 5*n = 3*j + 21 + 41, 3*n + 5*j - 44 = 0. What is the remainder when 37 is divided by n?
11
Let j = 32 - 20. Let s(n) = -n + 12. Calculate the remainder when j is divided by s(5).
5
Let k = 36 - 30. What is the remainder when 9 is divided by k?
3
Let m = 211 - 150. What is the remainder when m is divided by ((-9)/(-6))/(3/42)?
19
Suppose -2*m = 1 - 11, -4*m + 10 = -5*o. Let z(h) = -3*h**o - 5*h + 4*h**2 - 15 + 8 + 0*h. Calculate the remainder when z(9) is divided by 16.
13
Suppose 4*h + 32 = u, -1 = 2*h + 7. What is the remainder when u is divided by 7?
2
Let k(c) be the first derivative of c**3/3 - c**2/2 - 3*c + 5. Calculate the remainder when k(6) is divided by 15.
12
Suppose -3 = -g, -2*g = -2*j - g + 39. Suppose 5*y - 71 = 209. Suppose 5*c - 3*w - 41 = c, -5*c - w = -y. Calculate the remainder when j is divided by c.
10
Let s be (-2 - -1) + (12 - 17). What is the remainder when 23/7 - s/(-21) is divided by 3?
0
Let u(v) = 2*v. Let j(x) = 3*x. Let c(h) = -6*j(h) + 11*u(h). Let p be c(-1). Calculate the remainder when 23 is divided by 2/(1 + 3/p).
7
Let k(p) = -5*p**2 + 4*p**2 + 8 + 5*p - 1. Calculate the remainder when ((-190)/15)/((-10)/15) is divided by k(5).
5
Let u(w) = -w**3 - 6*w**2 - 5*w + 1. Let s = 3 - -7. Suppose -30 = -5*g - s, 2*g = -h + 3. Calculate the remainder when 1 is divided by u(h).
0
Let i = 4 + -2. Suppose -5*r + 5*o = -80, i*r = -r + 4*o + 48. Suppose 3*y - 30 = -7*c + 2*c, -4*c = y - 31. What is the remainder when r is divided by c?
7
Let o be 4/(-6) + 44/12. What is the remainder when ((-4)/(-10))/(1/5) is divided by (-3)/(6/4) + o?
0
Let p = -6 - -10. Let d = 11 - 10. Calculate the remainder when (-1)/p - 18/(-8) is divided by d.
0
Let j = -82 + 133. Calculate the remainder when j is divided by 18.
15
Let z(d) = -d**3 - 8*d**2 - 8*d + 10. Calculate the remainder when 27 is divided by z(-7).
10
Let h be ((-4)/(-5))/(1/(-10)). Let p(k) = -8*k + 5 - 5*k**3 - 9*k**2 + 4*k**3 + 8 - 5. What is the remainder when 15 is divided by p(h)?
7
Suppose -4*d + 19 = -5. Suppose d*j - 2*j - 108 = 0. Calculate the remainder when j is divided by ((-28)/8)/((-1)/4).
13
Suppose 1 + 5 = -2*j. Let p = 3 + j. Let f(n) = n**2 + 12. Calculate the remainder when 23 is divided by f(p).
11
Suppose -3*j + 6 = 4*p - 3*p, 3*p - 2*j = 29. What is the remainder when 15 is divided by p?
6
Suppose -b - 11 = b + 3*t, 5*t = 4*b - 33. Suppose -2*u + 7*s + 76 = b*s, 190 = 5*u + s. Calculate the remainder when u is divided by 13.
12
Suppose 0 = 2*m + 10, d + 2*m = 1. Suppose a + 2*a - 18 = 0. Let j = 10 - a. What is the remainder when d is divided by j?
3
Let i(j) = -4*j + 2. Let g be i(-4). Suppose 2*n - g = -0*n - 4*k, 5*n - 61 = -2*k. What is the remainder when (0 - 2)*132/(-11) is divided by n?
11
Let y = -1 + -5. Let v(n) = n**3 + 6*n**2 + n + 8. What is the remainder when 4 is divided by v(y)?
0
Suppose 5*g - 134 = -2*l + 87, 0 = -3*l + 4*g + 297. Calculate the remainder when l is divided by 21.
19
Suppose -15*j + 225 = -6*j. Calculate the remainder when 73 is divided by j.
23
Let j(w) = w - 3. Let x be j(5). Suppose -30 = -3*z - 5*n + 52, -3*n + 54 = x*z. What is the remainder when 70 is divided by z?
22
What is the remainder when 8 is divided by (6/5)/(18/45)?
2
Suppose 3*j - 6*j = 27. Let a(s) = -2*s + 8. Suppose 0*v - 2*v = -18. Calculate the remainder when a(j) is divided by v.
8
Suppose -m = -11 - 8. Let r(n) = n**3 + 3*n**2 - 3*n - 6. Let b be r(-4). Calculate the remainder when m is divided by (b/(-6))/((-4)/(-12)).
4
Suppose 0 = 3*j + j - v - 225, 0 = 5*j - 2*v - 282. Let o(c) = -c**3 + 8*c**2 - 10*c + 7. Calculate the remainder when j is divided by o(6).
18
Let c = 104 - 77. What is the remainder when c is divided by 8?
3
Let m(b) =